{"id":29213,"date":"2023-09-12T14:52:44","date_gmt":"2023-09-12T12:52:44","guid":{"rendered":"https:\/\/pfatest.saarlb.com\/?post_type=slb_events&#038;p=29213"},"modified":"2023-09-12T14:52:45","modified_gmt":"2023-09-12T12:52:45","slug":"webinaire-fusion-acquisition-en-allemagne-contexte-et-strategie","status":"publish","type":"slb_events","link":"https:\/\/pfatest.saarlb.com\/fr\/veranstaltung\/webinaire-fusion-acquisition-en-allemagne-contexte-et-strategie\/","title":{"rendered":"Webinaire \u2013 Fusion &amp; acquisition en Allemagne : contexte et strat\u00e9gie"},"content":{"rendered":"\n<div style=\"height:20px\" aria-hidden=\"true\" class=\"wp-block-spacer\"><\/div>\n\n\n\n<p>Un webinaire de notre partenaire&nbsp;<strong><a href=\"https:\/\/www.ccifrance-allemagne.fr\/\" target=\"_blank\" rel=\"noreferrer noopener\">CCFA \/ CCI France Allemagne<\/a><\/strong>&nbsp;en langue fran\u00e7aise.<br><br><\/p>\n\n\n\n<p>D\u2019ici 2026, 560.000 PME envisagent une succession et 45% des dirigeants envisagent une cession externe.<\/p>\n\n\n\n<p>CCI France Allemagne organise un webinaire sur le sujet de la croissance externe, plus que jamais d\u2019actualit\u00e9 Outre-Rhin.<\/p>\n\n\n\n<p>Dans son rapport 2022, la banque publique allemande KfW note que la g\u00e9n\u00e9ration des Babyboomers c\u00e8de sa place progressivement et provoque un ph\u00e9nom\u00e8ne croissant de changement de mains au sein des PME et ETI allemandes.<\/p>\n\n\n\n<p>En 2022, 55% des dirigeants ont plus de 55 ans. Ils n\u2019\u00e9taient que 20% en 2003.<\/p>\n\n\n\n<p>Ce webinaire vous aidera \u00e0 :<\/p>\n\n\n\n<ul class=\"wp-block-list\">\n<li>D\u00e9tecter les opportunit\u00e9s et identifier la bonne cible<\/li>\n\n\n\n<li>Conna\u00eetre les \u00e9tapes cl\u00e9s d\u2019un processus de croissance externe en Allemagne et en appr\u00e9hender les cons\u00e9quences<\/li>\n\n\n\n<li>Comprendre les diff\u00e9rences interculturelles et mesurer leur impact<\/li>\n\n\n\n<li>Etablir les conditions de mise en \u0153uvre du projet : objectifs, \u00e9quipes d\u2019experts, m\u00e9thode, planification.<\/li>\n<\/ul>\n\n\n\n<p><br>Rejoignez nos experts M&amp;A, Fr\u00e9d\u00e9ric Berner et Andreas B\u00e4hr pour affiner votre r\u00e9flexion et vos projets.<\/p>\n\n\n\n<p>Et n\u2019h\u00e9sitez pas \u00e0 solliciter notre \u00e9quipe pour un entretien individuel qui permettra d\u2019aborder sp\u00e9cifiquement votre situation et votre projet Allemagne. Pr\u00e9cisez sur la page d\u2019inscription que vous souhaitez parler \u00e0 nos conseillers ou contactez-nous directement au +49 681 9963 132.<\/p>\n","protected":false},"excerpt":{"rendered":"<p>Un webinaire de notre partenaire&nbsp;CCFA \/ CCI France Allemagne&nbsp;en langue fran\u00e7aise. D\u2019ici 2026, 560.000 PME envisagent une succession et 45% des dirigeants envisagent une cession externe. CCI France Allemagne organise un webinaire sur le sujet de la croissance externe, plus que jamais d\u2019actualit\u00e9 Outre-Rhin. Dans son rapport 2022, la banque publique allemande KfW note que [&hellip;]<\/p>\n","protected":false},"featured_media":29126,"parent":0,"template":"","format":"standard","meta":{"_acf_changed":false,"footnotes":"","_links_to":"","_links_to_target":""},"class_list":["post-29213","slb_events","type-slb_events","status-publish","format-standard","has-post-thumbnail","hentry"],"acf":{"event_startdatum":"2023-11-16 11:00:00","event_enddatum":"","event_externer_link":"https:\/\/attendee.gotowebinar.com\/register\/3403328670594325591?source=PFA","event_ort":"Webinaire"},"_links":{"self":[{"href":"https:\/\/pfatest.saarlb.com\/fr\/wp-json\/wp\/v2\/slb_events\/29213","targetHints":{"allow":["GET"]}}],"collection":[{"href":"https:\/\/pfatest.saarlb.com\/fr\/wp-json\/wp\/v2\/slb_events"}],"about":[{"href":"https:\/\/pfatest.saarlb.com\/fr\/wp-json\/wp\/v2\/types\/slb_events"}],"version-history":[{"count":0,"href":"https:\/\/pfatest.saarlb.com\/fr\/wp-json\/wp\/v2\/slb_events\/29213\/revisions"}],"wp:featuredmedia":[{"embeddable":true,"href":"https:\/\/pfatest.saarlb.com\/fr\/wp-json\/wp\/v2\/media\/29126"}],"wp:attachment":[{"href":"https:\/\/pfatest.saarlb.com\/fr\/wp-json\/wp\/v2\/media?parent=29213"}],"curies":[{"name":"wp","href":"https:\/\/api.w.org\/{rel}","templated":true}]}}

Webinaire – Fusion &amp; acquisition en Allemagne : contexte et stratégie

<div style="height:20px" aria-hidden="true" class="wp-block-spacer"></div>



<p>Un webinaire de notre partenaire&nbsp;<strong><a href="https://www.ccifrance-allemagne.fr/" target="_blank" rel="noreferrer noopener">CCFA / CCI France Allemagne</a></strong>&nbsp;en langue française.<br><br></p>



<p>D’ici 2026, 560.000 PME envisagent une succession et 45% des dirigeants envisagent une cession externe.</p>



<p>CCI France Allemagne organise un webinaire sur le sujet de la croissance externe, plus que jamais d’actualité Outre-Rhin.</p>



<p>Dans son rapport 2022, la banque publique allemande KfW note que la génération des Babyboomers cède sa place progressivement et provoque un phénomène croissant de changement de mains au sein des PME et ETI allemandes.</p>



<p>En 2022, 55% des dirigeants ont plus de 55 ans. Ils n’étaient que 20% en 2003.</p>



<p>Ce webinaire vous aidera à :</p>



<ul class="wp-block-list">
<li>Détecter les opportunités et identifier la bonne cible</li>



<li>Connaître les étapes clés d’un processus de croissance externe en Allemagne et en appréhender les conséquences</li>



<li>Comprendre les différences interculturelles et mesurer leur impact</li>



<li>Etablir les conditions de mise en œuvre du projet : objectifs, équipes d’experts, méthode, planification.</li>
</ul>



<p><br>Rejoignez nos experts M&amp;A, Frédéric Berner et Andreas Bähr pour affiner votre réflexion et vos projets.</p>



<p>Et n’hésitez pas à solliciter notre équipe pour un entretien individuel qui permettra d’aborder spécifiquement votre situation et votre projet Allemagne. Précisez sur la page d’inscription que vous souhaitez parler à nos conseillers ou contactez-nous directement au +49 681 9963 132.</p>

<p>Un webinaire de notre partenaire&nbsp;CCFA / CCI France Allemagne&nbsp;en langue française. D’ici 2026, 560.000 PME envisagent une succession et 45% des dirigeants envisagent une cession externe. CCI France Allemagne organise un webinaire sur le sujet de la croissance externe, plus que jamais d’actualité Outre-Rhin. Dans son rapport 2022, la banque publique allemande KfW note que [&hellip;]</p>
