{"id":27534,"date":"2022-10-20T11:50:26","date_gmt":"2022-10-20T09:50:26","guid":{"rendered":"https:\/\/pfatest.saarlb.com\/veranstaltung\/la-journee-franco-allemande-de-leconomie-2022\/"},"modified":"2022-10-20T11:50:26","modified_gmt":"2022-10-20T09:50:26","slug":"la-journee-franco-allemande-de-leconomie-2022","status":"publish","type":"slb_events","link":"https:\/\/pfatest.saarlb.com\/fr\/veranstaltung\/la-journee-franco-allemande-de-leconomie-2022\/","title":{"rendered":"La journ\u00e9e franco-allemande de l&rsquo;\u00e9conomie 2022"},"content":{"rendered":"<section class=\"elementor-section elementor-top-section elementor-element elementor-element-26fca6c elementor-section-boxed elementor-section-height-default elementor-section-height-default\" data-id=\"26fca6c\" data-element_type=\"section\">\n<div class=\"elementor-container elementor-column-gap-default\">\n<div class=\"elementor-row\">\n<div class=\"elementor-column elementor-col-100 elementor-top-column elementor-element elementor-element-4cc3924\" data-id=\"4cc3924\" data-element_type=\"column\">\n<div class=\"elementor-column-wrap elementor-element-populated\">\n<div class=\"elementor-widget-wrap\">\n<div class=\"elementor-element elementor-element-a4592dd elementor-widget elementor-widget-heading\" data-id=\"a4592dd\" data-element_type=\"widget\" data-widget_type=\"heading.default\">\n<div class=\"elementor-widget-container\">\n<h3 class=\"elementor-heading-title elementor-size-default\">La protection du climat et la souverainet\u00e9 \u00e9nerg\u00e9tique de l\u2019Europe : Perspectives franco-allemandes<\/h3>\n<\/div>\n<\/div>\n<div class=\"elementor-element elementor-element-c641a16 elementor-widget elementor-widget-text-editor\" data-id=\"c641a16\" data-element_type=\"widget\" data-widget_type=\"text-editor.default\">\n<div class=\"elementor-widget-container\">\n<div class=\"elementor-text-editor elementor-clearfix\">\n<p><span lang=\"FR\">L\u2019Union europ\u00e9enne est confront\u00e9e \u00e0 des d\u00e9cisions importantes en mati\u00e8re de politique \u00e9nerg\u00e9tique. Les cons\u00e9quences de l\u2019invasion de l\u2019Ukraine par la Russie rendent encore plus urgents les d\u00e9fis d\u00e9j\u00e0 existants du changement climatique. Pour relever ces d\u00e9fis et renforcer la souverainet\u00e9 europ\u00e9enne, la France et l\u2019Allemagne jouent un r\u00f4le essentiel : \u00e0 l\u2019occasion de leur premi\u00e8re rencontre bilat\u00e9rale, le Ministre f\u00e9d\u00e9ral de l\u2019\u00c9conomie et de la Protection du Climat Robert Habeck et le Ministre fran\u00e7ais de l\u2019\u00c9conomie et des Finances Bruno Le Maire se sont mis d\u2019accord pour lancer des projets industriels communs et de nouvelles mesures \u00e9conomiques, afin de viser une plus grande ind\u00e9pendance \u00e9nerg\u00e9tique. Les tables rondes de la Journ\u00e9e Franco-Allemande de l\u2019\u00c9conomie 2022 seront marqu\u00e9es par ces lignes directrices et s\u2019orienteront vers les tensions actuelles en mati\u00e8re de politique \u00e9nerg\u00e9tique.<\/span><\/p>\n<\/div>\n<\/div>\n<\/div>\n<\/div>\n<\/div>\n<\/div>\n<\/div>\n<\/div>\n<\/section>\n<section class=\"elementor-section elementor-top-section elementor-element elementor-element-e1dbced elementor-section-boxed elementor-section-height-default elementor-section-height-default\" data-id=\"e1dbced\" data-element_type=\"section\">\n<div class=\"elementor-container elementor-column-gap-default\">\n<div class=\"elementor-row\">\n<div class=\"elementor-column elementor-col-100 elementor-top-column elementor-element elementor-element-b1f95d7\" data-id=\"b1f95d7\" data-element_type=\"column\">\n<div class=\"elementor-column-wrap elementor-element-populated\">\n<div class=\"elementor-widget-wrap\">\n<div class=\"elementor-element elementor-element-142db29 elementor-widget elementor-widget-heading\" data-id=\"142db29\" data-element_type=\"widget\" data-widget_type=\"heading.default\">\n<div class=\"elementor-widget-container\">\n<h4 class=\"elementor-heading-title elementor-size-default\">Programme<\/h4>\n<\/div>\n<\/div>\n<div class=\"elementor-element elementor-element-61765dd elementor-widget elementor-widget-text-editor\" data-id=\"61765dd\" data-element_type=\"widget\" data-widget_type=\"text-editor.default\">\n<div class=\"elementor-widget-container\">\n<div class=\"elementor-text-editor elementor-clearfix\">\n<p>13h30 : Accueil caf\u00e9<\/p>\n<p>14h00 : Mots de bienvenue<\/p>\n<ul>\n<li><strong>Guy Maugis<\/strong>, Pr\u00e9sident de la Chambre Franco-Allemande de Commerce et d\u2019Industrie<\/li>\n<li><strong>Dr. Martin Wansleben<\/strong>, Directeur g\u00e9n\u00e9ral, F\u00e9d\u00e9ration allemande des chambres de commerce et d\u2019industrie (DIHK)<\/li>\n<\/ul>\n<div>\n<div>14h10 : Allocutions Ministre, Ambassadeur<\/div>\n<div>\n<ul>\n<li><strong>Dr. Franziska Brantner<\/strong>, Secr\u00e9taire d\u2019Etat parlementaire aupr\u00e8s du Ministre f\u00e9d\u00e9ral de l\u2019\u00c9conomie et de la Protection du Climat<\/li>\n<li><b>Fran\u00e7ois Delattre<\/b>, Ambassadeur de France en Allemagne<\/li>\n<\/ul>\n<p>14h50 : Panorama \u00e9conomique :\u00a0<strong>Petra Justenhoven,<\/strong>\u00a0Porte-Parole de la direction de PwC Allemagne et PwC Europe<\/p>\n<p>15h00 :\u00a0Panel 1<\/p>\n<h4><strong>Approvisionnement \u00e9nerg\u00e9tique de l\u2019Europe face aux tensions g\u00e9opolitiques<br \/>\n<\/strong><\/h4>\n<p>La s\u00e9curit\u00e9 de l\u2019approvisionnement \u00e9nerg\u00e9tique de nos soci\u00e9t\u00e9s a rarement autant \u00e9t\u00e9 remise en question. En ces temps de changement climatique, de rar\u00e9faction croissante des ressources et, surtout, d\u2019un contexte g\u00e9opolitique tendu, la question de la diversification et de la s\u00e9curisation de l\u2019approvisionnement est plus pr\u00e9sente que jamais dans la conscience collective.<\/p>\n<p><strong>Introduction par : Jean-Bernard L\u00e9vy<\/strong>, Pr\u00e9sident et CEO, EDF<\/p>\n<ul>\n<li><strong>Prof. Dr.-Ing. Siegfried Russwurm<\/strong>, Pr\u00e9sident du BDI<\/li>\n<li><strong>Dr. Anna L\u00fchrmann<\/strong>, Ministre adjointe charg\u00e9e des Affaires europ\u00e9ennes au minist\u00e8re allemand des Affaires \u00e9trang\u00e8res<\/li>\n<li><strong>Jean-Bernard L\u00e9vy<\/strong>, Pr\u00e9sident et CEO, EDF<\/li>\n<\/ul>\n<p>16h00 : Pause<\/p>\n<p>16h20: \u00a0Key Note\u00a0:\u00a0<strong>Dominic Kurtaz<\/strong>, Managing Director Eurocentral, Dassault Syst\u00e8mes<\/p>\n<p>16h30 :\u00a0Panel 2<\/p>\n<h4><strong>Le mix \u00e9nerg\u00e9tique des Etats membres de l\u2019UE : Quelle strat\u00e9gie pour la d\u00e9carbonisation de l\u2019industrie?<\/strong><\/h4>\n<p>Afin de r\u00e9duire les \u00e9missions de gaz dans le mix \u00e9nerg\u00e9tique et de respecter ainsi les objectifs climatiques europ\u00e9ens, les pays de l\u2019UE tentent de diversifier leurs sources d\u2019\u00e9nergie et de les rendre plus respectueuses de l\u2019environnement. L\u2019\u00e9clatement de la guerre en Ukraine a en outre mis l\u2019accent sur la recherche d\u2019un approvisionnement \u00e9nerg\u00e9tique souverain.\u00a0 Quelles d\u00e9cisions ont \u00e9t\u00e9 prises par l\u2019Allemagne et la France sur leur chemin vers la neutralit\u00e9 climatique ? Quel est le r\u00f4le des entreprises et de l\u2019industrie dans ce processus ? Quelle est leur strat\u00e9gie de d\u00e9carbonisation ? Comment pr\u00e9server leur comp\u00e9titivit\u00e9 internationale ?<\/p>\n<p><strong>Introduction par<\/strong>\u00a0:\u00a0<strong>Pierre Sellal<\/strong>, Senior Counsel, August Debouzy, Ambassadeur de France, ancien Repr\u00e9sentant permanent de la France aupr\u00e8s de l\u2019Union Europ\u00e9enne<\/p>\n<\/div>\n<ul>\n<li><strong>Kerstin Andreae,\u00a0<\/strong>Pr\u00e9sidente de la Direction G\u00e9n\u00e9rale de la F\u00e9d\u00e9ration allemande de l\u2019industrie de l\u2019\u00e9nergie et de l\u2019eau, BDEW<\/li>\n<li><strong>Kerstin Rippel,\u00a0<\/strong>Directrice Communication &amp; Politique, 50Hertz<\/li>\n<li><strong>Anne-Laure de Chammard<\/strong>, Membre du Directoire et du Comit\u00e9 ex\u00e9cutif, Siemens Energy<\/li>\n<\/ul>\n<p>17h30 : Conclusion par le Ministre<\/p>\n<ul>\n<li><strong>Roland Lescure<\/strong>, Ministre d\u00e9l\u00e9gu\u00e9 charg\u00e9 de l\u2019Industrie (par visio)<\/li>\n<\/ul>\n<p>Fin pr\u00e9vue vers 17h45<\/p>\n<p>Animation par\u00a0<strong>Anette Burgdorf,<\/strong>\u00a0Journaliste franco-allemande<\/p>\n<p>\u00a9 shutterstock.com<\/p>\n<p>&nbsp;<\/p>\n<\/div>\n<\/div>\n<\/div>\n<\/div>\n<\/div>\n<\/div>\n<\/div>\n<\/div>\n<\/div>\n<\/section>\n","protected":false},"excerpt":{"rendered":"<p>La protection du climat et la souverainet\u00e9 \u00e9nerg\u00e9tique de l\u2019Europe : Perspectives franco-allemandes L\u2019Union europ\u00e9enne est confront\u00e9e \u00e0 des d\u00e9cisions importantes en mati\u00e8re de politique \u00e9nerg\u00e9tique. Les cons\u00e9quences de l\u2019invasion de l\u2019Ukraine par la Russie rendent encore plus urgents les d\u00e9fis d\u00e9j\u00e0 existants du changement climatique. Pour relever ces d\u00e9fis et renforcer la souverainet\u00e9 europ\u00e9enne, [&hellip;]<\/p>\n","protected":false},"featured_media":24432,"parent":0,"template":"","format":"standard","meta":{"_acf_changed":false,"footnotes":"","_links_to":"","_links_to_target":""},"class_list":["post-27534","slb_events","type-slb_events","status-publish","format-standard","has-post-thumbnail","hentry"],"acf":{"event_startdatum":"2022-11-08 13:30:00","event_enddatum":"","event_externer_link":"http:\/\/www.journeedeleconomie.fr\/","event_ort":"Berlin"},"_links":{"self":[{"href":"https:\/\/pfatest.saarlb.com\/fr\/wp-json\/wp\/v2\/slb_events\/27534","targetHints":{"allow":["GET"]}}],"collection":[{"href":"https:\/\/pfatest.saarlb.com\/fr\/wp-json\/wp\/v2\/slb_events"}],"about":[{"href":"https:\/\/pfatest.saarlb.com\/fr\/wp-json\/wp\/v2\/types\/slb_events"}],"version-history":[{"count":0,"href":"https:\/\/pfatest.saarlb.com\/fr\/wp-json\/wp\/v2\/slb_events\/27534\/revisions"}],"wp:featuredmedia":[{"embeddable":true,"href":"https:\/\/pfatest.saarlb.com\/fr\/wp-json\/wp\/v2\/media\/24432"}],"wp:attachment":[{"href":"https:\/\/pfatest.saarlb.com\/fr\/wp-json\/wp\/v2\/media?parent=27534"}],"curies":[{"name":"wp","href":"https:\/\/api.w.org\/{rel}","templated":true}]}}

La journée franco-allemande de l&rsquo;économie 2022

<section class="elementor-section elementor-top-section elementor-element elementor-element-26fca6c elementor-section-boxed elementor-section-height-default elementor-section-height-default" data-id="26fca6c" data-element_type="section">
<div class="elementor-container elementor-column-gap-default">
<div class="elementor-row">
<div class="elementor-column elementor-col-100 elementor-top-column elementor-element elementor-element-4cc3924" data-id="4cc3924" data-element_type="column">
<div class="elementor-column-wrap elementor-element-populated">
<div class="elementor-widget-wrap">
<div class="elementor-element elementor-element-a4592dd elementor-widget elementor-widget-heading" data-id="a4592dd" data-element_type="widget" data-widget_type="heading.default">
<div class="elementor-widget-container">
<h3 class="elementor-heading-title elementor-size-default">La protection du climat et la souveraineté énergétique de l’Europe : Perspectives franco-allemandes</h3>
</div>
</div>
<div class="elementor-element elementor-element-c641a16 elementor-widget elementor-widget-text-editor" data-id="c641a16" data-element_type="widget" data-widget_type="text-editor.default">
<div class="elementor-widget-container">
<div class="elementor-text-editor elementor-clearfix">
<p><span lang="FR">L’Union européenne est confrontée à des décisions importantes en matière de politique énergétique. Les conséquences de l’invasion de l’Ukraine par la Russie rendent encore plus urgents les défis déjà existants du changement climatique. Pour relever ces défis et renforcer la souveraineté européenne, la France et l’Allemagne jouent un rôle essentiel : à l’occasion de leur première rencontre bilatérale, le Ministre fédéral de l’Économie et de la Protection du Climat Robert Habeck et le Ministre français de l’Économie et des Finances Bruno Le Maire se sont mis d’accord pour lancer des projets industriels communs et de nouvelles mesures économiques, afin de viser une plus grande indépendance énergétique. Les tables rondes de la Journée Franco-Allemande de l’Économie 2022 seront marquées par ces lignes directrices et s’orienteront vers les tensions actuelles en matière de politique énergétique.</span></p>
</div>
</div>
</div>
</div>
</div>
</div>
</div>
</div>
</section>
<section class="elementor-section elementor-top-section elementor-element elementor-element-e1dbced elementor-section-boxed elementor-section-height-default elementor-section-height-default" data-id="e1dbced" data-element_type="section">
<div class="elementor-container elementor-column-gap-default">
<div class="elementor-row">
<div class="elementor-column elementor-col-100 elementor-top-column elementor-element elementor-element-b1f95d7" data-id="b1f95d7" data-element_type="column">
<div class="elementor-column-wrap elementor-element-populated">
<div class="elementor-widget-wrap">
<div class="elementor-element elementor-element-142db29 elementor-widget elementor-widget-heading" data-id="142db29" data-element_type="widget" data-widget_type="heading.default">
<div class="elementor-widget-container">
<h4 class="elementor-heading-title elementor-size-default">Programme</h4>
</div>
</div>
<div class="elementor-element elementor-element-61765dd elementor-widget elementor-widget-text-editor" data-id="61765dd" data-element_type="widget" data-widget_type="text-editor.default">
<div class="elementor-widget-container">
<div class="elementor-text-editor elementor-clearfix">
<p>13h30 : Accueil café</p>
<p>14h00 : Mots de bienvenue</p>
<ul>
<li><strong>Guy Maugis</strong>, Président de la Chambre Franco-Allemande de Commerce et d’Industrie</li>
<li><strong>Dr. Martin Wansleben</strong>, Directeur général, Fédération allemande des chambres de commerce et d’industrie (DIHK)</li>
</ul>
<div>
<div>14h10 : Allocutions Ministre, Ambassadeur</div>
<div>
<ul>
<li><strong>Dr. Franziska Brantner</strong>, Secrétaire d’Etat parlementaire auprès du Ministre fédéral de l’Économie et de la Protection du Climat</li>
<li><b>François Delattre</b>, Ambassadeur de France en Allemagne</li>
</ul>
<p>14h50 : Panorama économique : <strong>Petra Justenhoven,</strong> Porte-Parole de la direction de PwC Allemagne et PwC Europe</p>
<p>15h00 : Panel 1</p>
<h4><strong>Approvisionnement énergétique de l’Europe face aux tensions géopolitiques<br />
</strong></h4>
<p>La sécurité de l’approvisionnement énergétique de nos sociétés a rarement autant été remise en question. En ces temps de changement climatique, de raréfaction croissante des ressources et, surtout, d’un contexte géopolitique tendu, la question de la diversification et de la sécurisation de l’approvisionnement est plus présente que jamais dans la conscience collective.</p>
<p><strong>Introduction par : Jean-Bernard Lévy</strong>, Président et CEO, EDF</p>
<ul>
<li><strong>Prof. Dr.-Ing. Siegfried Russwurm</strong>, Président du BDI</li>
<li><strong>Dr. Anna Lührmann</strong>, Ministre adjointe chargée des Affaires européennes au ministère allemand des Affaires étrangères</li>
<li><strong>Jean-Bernard Lévy</strong>, Président et CEO, EDF</li>
</ul>
<p>16h00 : Pause</p>
<p>16h20:  Key Note : <strong>Dominic Kurtaz</strong>, Managing Director Eurocentral, Dassault Systèmes</p>
<p>16h30 : Panel 2</p>
<h4><strong>Le mix énergétique des Etats membres de l’UE : Quelle stratégie pour la décarbonisation de l’industrie?</strong></h4>
<p>Afin de réduire les émissions de gaz dans le mix énergétique et de respecter ainsi les objectifs climatiques européens, les pays de l’UE tentent de diversifier leurs sources d’énergie et de les rendre plus respectueuses de l’environnement. L’éclatement de la guerre en Ukraine a en outre mis l’accent sur la recherche d’un approvisionnement énergétique souverain.  Quelles décisions ont été prises par l’Allemagne et la France sur leur chemin vers la neutralité climatique ? Quel est le rôle des entreprises et de l’industrie dans ce processus ? Quelle est leur stratégie de décarbonisation ? Comment préserver leur compétitivité internationale ?</p>
<p><strong>Introduction par</strong> : <strong>Pierre Sellal</strong>, Senior Counsel, August Debouzy, Ambassadeur de France, ancien Représentant permanent de la France auprès de l’Union Européenne</p>
</div>
<ul>
<li><strong>Kerstin Andreae, </strong>Présidente de la Direction Générale de la Fédération allemande de l’industrie de l’énergie et de l’eau, BDEW</li>
<li><strong>Kerstin Rippel, </strong>Directrice Communication &amp; Politique, 50Hertz</li>
<li><strong>Anne-Laure de Chammard</strong>, Membre du Directoire et du Comité exécutif, Siemens Energy</li>
</ul>
<p>17h30 : Conclusion par le Ministre</p>
<ul>
<li><strong>Roland Lescure</strong>, Ministre délégué chargé de l’Industrie (par visio)</li>
</ul>
<p>Fin prévue vers 17h45</p>
<p>Animation par <strong>Anette Burgdorf,</strong> Journaliste franco-allemande</p>
<p>© shutterstock.com</p>
<p>&nbsp;</p>
</div>
</div>
</div>
</div>
</div>
</div>
</div>
</div>
</div>
</section>

<p>La protection du climat et la souveraineté énergétique de l’Europe : Perspectives franco-allemandes L’Union européenne est confrontée à des décisions importantes en matière de politique énergétique. Les conséquences de l’invasion de l’Ukraine par la Russie rendent encore plus urgents les défis déjà existants du changement climatique. Pour relever ces défis et renforcer la souveraineté européenne, [&hellip;]</p>
